{"id":231,"date":"2022-02-04T22:26:07","date_gmt":"2022-02-04T22:26:07","guid":{"rendered":"https:\/\/www.dm.unipi.it\/didattica\/conseguimento-laurea-magistrale-emergenza-covid-19\/"},"modified":"2025-11-26T11:38:39","modified_gmt":"2025-11-26T10:38:39","slug":"conseguimento-titolo","status":"publish","type":"page","link":"https:\/\/www.dm.unipi.it\/didattica\/laurea-magistrale\/conseguimento-titolo\/","title":{"rendered":"Conseguimento del titolo"},"content":{"rendered":"\n<p class=\"has-text-align-justify\">Questa pagina contiene informazioni sulle scadenze e gli adempimenti da rispettare per il conseguimento del titolo; a tal proposito \u00e8 necessario consultare prima le istruzioni presenti sul <a href=\"https:\/\/www.unipi.it\/didattica\/segreterie\/gestione-della-carriera\/laurea\/esame-di-laurea\/\" target=\"_blank\" rel=\"noreferrer noopener\">sito della Segreteria Studenti di Ateneo<\/a> (verificare in particolare anche il documento &#8220;Calendario degli appelli di laurea&#8221;). Le modalit\u00e0 di determinazione del voto di laurea si possono trovare nell&#8217;apposita sezione del <a href=\"https:\/\/www.dm.unipi.it\/didattica\/laurea-magistrale\/regolamento\/\">Regolamento del Corso di Studio Magistrale<\/a>.<\/p>\n\n\n\n<p class=\"has-text-align-justify\">Si ricorda che la tesi di Laurea Magistrale, Specialistica o Vecchio Ordinamento deve essere presentata in formato elettronico tramite il <a href=\"http:\/\/etd.adm.unipi.it\/\" target=\"_blank\" rel=\"noreferrer noopener\">portale ETD<\/a>, seguendo con precisione le <a href=\"https:\/\/www.unipi.it\/didattica\/segreterie\/gestione-della-carriera\/laurea\/tesi-di-laurea-progetto-etd\/\" target=\"_blank\" rel=\"noreferrer noopener\">istruzioni sul sito dell&#8217;Ateneo<\/a>.<\/p>\n\n\n\n<p class=\"has-text-align-justify\"><strong>Nota<\/strong>: Con &#8220;Segreteria Didattica&#8221; si intende la <a href=\"https:\/\/www.dm.unipi.it\/didattica\/segreteria-didattica\/\">Segreteria Didattica del Dipartimento di Matematica<\/a>; con &#8220;Segreteria Studenti&#8221; si intende la <a href=\"https:\/\/www.unipi.it\/didattica\/segreterie\/sedi-e-contatti\/segreteria-studenti-amministrativa\/\" target=\"_blank\" rel=\"noreferrer noopener\">Segreteria Studenti centrale<\/a>.<\/p>\n\n\n\n<h4 class=\"wp-block-heading\">Entro 30 giorni prima dell&#8217;inizio dell&#8217;appello<\/h4>\n\n\n\n<ul class=\"wp-block-list\">\n<li><strong>Online<\/strong>, per la Segreteria Studenti: presentare la domanda tramite il <a href=\"https:\/\/www.studenti.unipi.it\/\" target=\"_blank\" rel=\"noreferrer noopener\">portale Alice<\/a>. Scaricare dal portale CAPS l&#8217;ultimo piano di studio approvato, e quindi valido, e inviarlo a <a href=\"mailto:patrizia.lenzi@unipi.it\" target=\"_blank\" rel=\"noreferrer noopener\">patrizia.lenzi@unipi.it<\/a>. Non inviare a Patrizia Lenzi il piano di studio se \u00e8 in attesa di approvazione; in tal caso, scrivere invece a <a href=\"mailto:segdid@dm.unipi.i\" target=\"_blank\" rel=\"noreferrer noopener\">segdid@dm.unipi.it<\/a> per info sull&#8217;approvazione. <em>Nota<\/em>: se nessuno dei relatori afferisce all&#8217;Universit\u00e0 di Pisa o ad altri istituti universitari pisani si prega di contattare il Presidente di Corso di Studio per istruzioni <em>prima<\/em> della presentazione della domanda;<\/li>\n\n\n\n<li><strong>Online<\/strong>, per la Segreteria Didattica, presentare domanda tramite l\u2019interfaccia&nbsp;<a href=\"https:\/\/caps.dm.unipi.it\" target=\"_blank\" rel=\"noreferrer noopener\">CAPS<\/a>:\n<ul class=\"wp-block-list\">\n<li>Entrate con le credenziali di ateneo, poi nel menu di sinistra scegliete \u201cModuli\u201d e selezionate il modulo \u201cLaurea Magistrale: domanda di esame finale\u201d. Dovrete inserire alcune informazioni, fra cui la proposta di tre controrelatori (che dovrete concordare con il relatore\/la relatrice della vostra tesi).<\/li>\n\n\n\n<li>Vi verr\u00e0 chiesto di allegare due documenti: l\u2019abstract della tesi e la ricevuta di compilazione del questionario di valutazione laureandi. Gli studenti che non hanno il titolo &#8220;Laurea in Matematica&#8221; conseguito a Pisa, devono inoltre allegare un documento che attesti la conoscenza del livello B2 di Inglese (es. certificato B2 o superiore; autocertificazione esami superati presso altro Ateneo, contenente attivit\u00e0 formativa di inglese di livello B2 o superiore). Se si \u00e8 ottenuta l&#8217;idoneit\u00e0 linguistica B2 presso il CLI (Centro Linguistico Ateneo di Pisa), specificarlo aggiungendo un commento nel modulo di CAPS.<\/li>\n<\/ul>\n<\/li>\n<\/ul>\n\n\n\n<h4 class=\"wp-block-heading\">Entro 15 giorni prima dell&#8217;inizio dell&#8217;appello<\/h4>\n\n\n\n<ul class=\"wp-block-list\">\n<li><strong>Segreteria Studenti<\/strong>: caricare i seguenti documenti tramite il <a href=\"https:\/\/www.studenti.unipi.it\/\" target=\"_blank\" rel=\"noreferrer noopener\">portale Alice<\/a>:\n<ul class=\"wp-block-list\">\n<li>frontespizio della tesi, generato e stampato direttamente da ETD; il frontespizio dev&#8217;essere <strong>firmato digitalmente<\/strong> dal primo relatore accademico (vedi anche <a href=\"https:\/\/www.unipi.it\/didattica\/segreterie\/gestione-della-carriera\/laurea\/tesi-di-laurea-progetto-etd\/\" target=\"_blank\" rel=\"noreferrer noopener\">istruzioni sul sito di Ateneo<\/a>);<\/li>\n\n\n\n<li>ricevuta del <a href=\"https:\/\/www.unipi.it\/didattica\/segreterie\/gestione-della-carriera\/laurea\/questionario-di-valutazione-laureandi\/\" target=\"_blank\" rel=\"noreferrer noopener\">questionario di valutazione laureandi<\/a>. <p><strong>NOTA.<\/strong> Poich\u00e9 questo punto riguarda la Segreteria Studenti dell\u2019Universit\u00e0 di Pisa, si raccomanda di verificarlo presso il <a href=\"https:\/\/www.unipi.it\/didattica\/segreterie\/gestione-della-carriera\/laurea\/esame-di-laurea\/\" target=\"_blank\" rel=\"noreferrer noopener\">sito della Segreteri Studenti di Ateneo<\/a>; possono intercorrere variazioni, non ancora segnalate in questa pagina.<\/p>Per dubbi o difficolt\u00e0 rivolgersi a <a style=\"font-size: revert;\" href=\"mailto:patrizia.lenzi@unipi.it\" target=\"_blank\" rel=\"noreferrer noopener\">patrizia.lenzi@unipi.it<\/a><span style=\"font-size: revert; color: initial;\"> (referente per Matematica presso la Segreteria Studenti).<\/span><\/li>\n<\/ul>\n<\/li>\n<\/ul>\n\n\n\n<p><strong>NOTA IMPORTANTE:<\/strong>&nbsp;in caso di rinuncia a sostenere la tesi nell\u2019appello a cui vi siete iscritti, \u00e8 importante annullare <strong>subito<\/strong> tramite il portale Alice la domanda di laurea, e inoltre avvisare entrambe le segreterie, ovvero:<\/p>\n\n\n\n<p>-fino a 15 giorni prima dell&#8217;inizio dell&#8217;appello annullare la domanda tramite il portale Alice e scrivere un&#8217;e-mail per avvisare della rinuncia a <a href=\"mailto:patrizia.lenzi@unipi.it\" target=\"_blank\" rel=\"noreferrer noopener\">patrizia.lenzi@unipi.it<\/a> e a <a href=\"mailto:segdid@dm.unipi.it\">segdid@dm.unipi.it<\/a>;<\/p>\n\n\n\n<p>-dopo tale termine, la rinuncia dovr\u00e0 essere comunicata tramite e-mail a <a href=\"mailto:patrizia.lenzi@unipi.it\" target=\"_blank\" rel=\"noreferrer noopener\">patrizia.lenzi@unipi.it<\/a> e a <a href=\"mailto:segdid@dm.unipi.it\">segdid@dm.unipi.it<\/a>;<\/p>\n\n\n\n<p>-nel caso sia stato gi\u00e0 compilato il frontespizio elettronico la rinuncia all&#8217;appello di laurea dovr\u00e0 essere comunicata anche allo staff ETD, scrivendo a <a href=\"mailto:etd@sba.unipi.it\" target=\"_blank\" rel=\"noreferrer noopener\">etd@sba.unipi.it<\/a>. I dati immessi fino ad allora nel portale ETD saranno cancellati, cos\u00ec l&#8217;iter della tesi elettronica potr\u00e0 in futuro essere avviato ex novo.<\/p>\n\n\n\n<p>Si dovr\u00e0 poi ripetere l&#8217;intera procedura (domanda di laurea e caricamento dei documenti necessari) per potersi laureare in un appello successivo.<\/p>\n","protected":false},"excerpt":{"rendered":"<p>Questa pagina contiene informazioni sulle scadenze e gli adempimenti da rispettare per il conseguimento del titolo; a tal proposito \u00e8&hellip;<\/p>\n<p><a class=\"btn btn-dark btn-sm unipi-read-more-link\" href=\"https:\/\/www.dm.unipi.it\/didattica\/laurea-magistrale\/conseguimento-titolo\/\">Leggi tutto&#8230;<\/a><\/p>\n","protected":false},"author":1,"featured_media":0,"parent":3766,"menu_order":0,"comment_status":"closed","ping_status":"closed","template":"","meta":{"_acf_changed":false,"footnotes":""},"class_list":["post-231","page","type-page","status-publish","hentry"],"acf":[],"yoast_head":"<!-- This site is optimized with the Yoast SEO plugin v27.5 - https:\/\/yoast.com\/product\/yoast-seo-wordpress\/ -->\n<title>Conseguimento del titolo - Didattica<\/title>\n<meta name=\"robots\" content=\"index, follow, max-snippet:-1, max-image-preview:large, max-video-preview:-1\" \/>\n<link rel=\"canonical\" href=\"https:\/\/www.dm.unipi.it\/didattica\/laurea-magistrale\/conseguimento-titolo\/\" \/>\n<meta property=\"og:locale\" content=\"it_IT\" \/>\n<meta property=\"og:type\" content=\"article\" \/>\n<meta property=\"og:title\" content=\"Conseguimento del titolo - Didattica\" \/>\n<meta property=\"og:description\" content=\"Questa pagina contiene informazioni sulle scadenze e gli adempimenti da rispettare per il conseguimento del titolo; a tal proposito \u00e8&hellip;Leggi tutto...\" \/>\n<meta property=\"og:url\" content=\"https:\/\/www.dm.unipi.it\/didattica\/laurea-magistrale\/conseguimento-titolo\/\" \/>\n<meta property=\"og:site_name\" content=\"Didattica\" \/>\n<meta property=\"article:modified_time\" content=\"2025-11-26T10:38:39+00:00\" \/>\n<meta name=\"twitter:card\" content=\"summary_large_image\" \/>\n<script type=\"application\/ld+json\" class=\"yoast-schema-graph\">{\"@context\":\"https:\\\/\\\/schema.org\",\"@graph\":[{\"@type\":\"WebPage\",\"@id\":\"https:\\\/\\\/www.dm.unipi.it\\\/didattica\\\/laurea-magistrale\\\/conseguimento-titolo\\\/\",\"url\":\"https:\\\/\\\/www.dm.unipi.it\\\/didattica\\\/laurea-magistrale\\\/conseguimento-titolo\\\/\",\"name\":\"Conseguimento del titolo - Didattica\",\"isPartOf\":{\"@id\":\"https:\\\/\\\/www.dm.unipi.it\\\/didattica\\\/#website\"},\"datePublished\":\"2022-02-04T22:26:07+00:00\",\"dateModified\":\"2025-11-26T10:38:39+00:00\",\"breadcrumb\":{\"@id\":\"https:\\\/\\\/www.dm.unipi.it\\\/didattica\\\/laurea-magistrale\\\/conseguimento-titolo\\\/#breadcrumb\"},\"inLanguage\":\"it-IT\",\"potentialAction\":[{\"@type\":\"ReadAction\",\"target\":[\"https:\\\/\\\/www.dm.unipi.it\\\/didattica\\\/laurea-magistrale\\\/conseguimento-titolo\\\/\"]}]},{\"@type\":\"BreadcrumbList\",\"@id\":\"https:\\\/\\\/www.dm.unipi.it\\\/didattica\\\/laurea-magistrale\\\/conseguimento-titolo\\\/#breadcrumb\",\"itemListElement\":[{\"@type\":\"ListItem\",\"position\":1,\"name\":\"Home\",\"item\":\"https:\\\/\\\/www.dm.unipi.it\\\/didattica\\\/\"},{\"@type\":\"ListItem\",\"position\":2,\"name\":\"Laurea Magistrale\",\"item\":\"https:\\\/\\\/www.dm.unipi.it\\\/didattica\\\/laurea-magistrale\\\/\"},{\"@type\":\"ListItem\",\"position\":3,\"name\":\"Conseguimento del titolo\"}]},{\"@type\":\"WebSite\",\"@id\":\"https:\\\/\\\/www.dm.unipi.it\\\/didattica\\\/#website\",\"url\":\"https:\\\/\\\/www.dm.unipi.it\\\/didattica\\\/\",\"name\":\"Didattica\",\"description\":\"Dipartimento di Matematica - Universit\u00e0 di Pisa\",\"publisher\":{\"@id\":\"https:\\\/\\\/www.dm.unipi.it\\\/didattica\\\/#organization\"},\"potentialAction\":[{\"@type\":\"SearchAction\",\"target\":{\"@type\":\"EntryPoint\",\"urlTemplate\":\"https:\\\/\\\/www.dm.unipi.it\\\/didattica\\\/?s={search_term_string}\"},\"query-input\":{\"@type\":\"PropertyValueSpecification\",\"valueRequired\":true,\"valueName\":\"search_term_string\"}}],\"inLanguage\":\"it-IT\"},{\"@type\":\"Organization\",\"@id\":\"https:\\\/\\\/www.dm.unipi.it\\\/didattica\\\/#organization\",\"name\":\"Didattica\",\"url\":\"https:\\\/\\\/www.dm.unipi.it\\\/didattica\\\/\",\"logo\":{\"@type\":\"ImageObject\",\"inLanguage\":\"it-IT\",\"@id\":\"https:\\\/\\\/www.dm.unipi.it\\\/didattica\\\/#\\\/schema\\\/logo\\\/image\\\/\",\"url\":\"https:\\\/\\\/www.dm.unipi.it\\\/didattica\\\/wp-content\\\/uploads\\\/sites\\\/3\\\/2022\\\/07\\\/matematica_dx_bianco-1.png\",\"contentUrl\":\"https:\\\/\\\/www.dm.unipi.it\\\/didattica\\\/wp-content\\\/uploads\\\/sites\\\/3\\\/2022\\\/07\\\/matematica_dx_bianco-1.png\",\"width\":1612,\"height\":463,\"caption\":\"Didattica\"},\"image\":{\"@id\":\"https:\\\/\\\/www.dm.unipi.it\\\/didattica\\\/#\\\/schema\\\/logo\\\/image\\\/\"}}]}<\/script>\n<!-- \/ Yoast SEO plugin. -->","yoast_head_json":{"title":"Conseguimento del titolo - Didattica","robots":{"index":"index","follow":"follow","max-snippet":"max-snippet:-1","max-image-preview":"max-image-preview:large","max-video-preview":"max-video-preview:-1"},"canonical":"https:\/\/www.dm.unipi.it\/didattica\/laurea-magistrale\/conseguimento-titolo\/","og_locale":"it_IT","og_type":"article","og_title":"Conseguimento del titolo - Didattica","og_description":"Questa pagina contiene informazioni sulle scadenze e gli adempimenti da rispettare per il conseguimento del titolo; a tal proposito \u00e8&hellip;Leggi tutto...","og_url":"https:\/\/www.dm.unipi.it\/didattica\/laurea-magistrale\/conseguimento-titolo\/","og_site_name":"Didattica","article_modified_time":"2025-11-26T10:38:39+00:00","twitter_card":"summary_large_image","schema":{"@context":"https:\/\/schema.org","@graph":[{"@type":"WebPage","@id":"https:\/\/www.dm.unipi.it\/didattica\/laurea-magistrale\/conseguimento-titolo\/","url":"https:\/\/www.dm.unipi.it\/didattica\/laurea-magistrale\/conseguimento-titolo\/","name":"Conseguimento del titolo - Didattica","isPartOf":{"@id":"https:\/\/www.dm.unipi.it\/didattica\/#website"},"datePublished":"2022-02-04T22:26:07+00:00","dateModified":"2025-11-26T10:38:39+00:00","breadcrumb":{"@id":"https:\/\/www.dm.unipi.it\/didattica\/laurea-magistrale\/conseguimento-titolo\/#breadcrumb"},"inLanguage":"it-IT","potentialAction":[{"@type":"ReadAction","target":["https:\/\/www.dm.unipi.it\/didattica\/laurea-magistrale\/conseguimento-titolo\/"]}]},{"@type":"BreadcrumbList","@id":"https:\/\/www.dm.unipi.it\/didattica\/laurea-magistrale\/conseguimento-titolo\/#breadcrumb","itemListElement":[{"@type":"ListItem","position":1,"name":"Home","item":"https:\/\/www.dm.unipi.it\/didattica\/"},{"@type":"ListItem","position":2,"name":"Laurea Magistrale","item":"https:\/\/www.dm.unipi.it\/didattica\/laurea-magistrale\/"},{"@type":"ListItem","position":3,"name":"Conseguimento del titolo"}]},{"@type":"WebSite","@id":"https:\/\/www.dm.unipi.it\/didattica\/#website","url":"https:\/\/www.dm.unipi.it\/didattica\/","name":"Didattica","description":"Dipartimento di Matematica - Universit\u00e0 di Pisa","publisher":{"@id":"https:\/\/www.dm.unipi.it\/didattica\/#organization"},"potentialAction":[{"@type":"SearchAction","target":{"@type":"EntryPoint","urlTemplate":"https:\/\/www.dm.unipi.it\/didattica\/?s={search_term_string}"},"query-input":{"@type":"PropertyValueSpecification","valueRequired":true,"valueName":"search_term_string"}}],"inLanguage":"it-IT"},{"@type":"Organization","@id":"https:\/\/www.dm.unipi.it\/didattica\/#organization","name":"Didattica","url":"https:\/\/www.dm.unipi.it\/didattica\/","logo":{"@type":"ImageObject","inLanguage":"it-IT","@id":"https:\/\/www.dm.unipi.it\/didattica\/#\/schema\/logo\/image\/","url":"https:\/\/www.dm.unipi.it\/didattica\/wp-content\/uploads\/sites\/3\/2022\/07\/matematica_dx_bianco-1.png","contentUrl":"https:\/\/www.dm.unipi.it\/didattica\/wp-content\/uploads\/sites\/3\/2022\/07\/matematica_dx_bianco-1.png","width":1612,"height":463,"caption":"Didattica"},"image":{"@id":"https:\/\/www.dm.unipi.it\/didattica\/#\/schema\/logo\/image\/"}}]}},"publishpress_future_action":{"enabled":false,"date":"2026-05-07 19:08:17","action":"change-status","newStatus":"draft","terms":[],"taxonomy":"translation_priority","extraData":[]},"publishpress_future_workflow_manual_trigger":{"enabledWorkflows":[]},"_links":{"self":[{"href":"https:\/\/www.dm.unipi.it\/didattica\/wp-json\/wp\/v2\/pages\/231","targetHints":{"allow":["GET"]}}],"collection":[{"href":"https:\/\/www.dm.unipi.it\/didattica\/wp-json\/wp\/v2\/pages"}],"about":[{"href":"https:\/\/www.dm.unipi.it\/didattica\/wp-json\/wp\/v2\/types\/page"}],"author":[{"embeddable":true,"href":"https:\/\/www.dm.unipi.it\/didattica\/wp-json\/wp\/v2\/users\/1"}],"replies":[{"embeddable":true,"href":"https:\/\/www.dm.unipi.it\/didattica\/wp-json\/wp\/v2\/comments?post=231"}],"version-history":[{"count":38,"href":"https:\/\/www.dm.unipi.it\/didattica\/wp-json\/wp\/v2\/pages\/231\/revisions"}],"predecessor-version":[{"id":3869,"href":"https:\/\/www.dm.unipi.it\/didattica\/wp-json\/wp\/v2\/pages\/231\/revisions\/3869"}],"up":[{"embeddable":true,"href":"https:\/\/www.dm.unipi.it\/didattica\/wp-json\/wp\/v2\/pages\/3766"}],"wp:attachment":[{"href":"https:\/\/www.dm.unipi.it\/didattica\/wp-json\/wp\/v2\/media?parent=231"}],"curies":[{"name":"wp","href":"https:\/\/api.w.org\/{rel}","templated":true}]}}