{"id":71,"date":"2022-03-08T23:14:45","date_gmt":"2022-03-08T23:14:45","guid":{"rendered":"https:\/\/www.dm.unipi.it\/phd\/phd-courses-2014-2015\/"},"modified":"2022-04-03T18:41:30","modified_gmt":"2022-04-03T16:41:30","slug":"phd-courses-2014-2015","status":"publish","type":"page","link":"https:\/\/www.dm.unipi.it\/phd\/ph-d-courses\/past-courses\/phd-courses-2014-2015\/","title":{"rendered":"Ph.D. Courses 2014 &#8211; 2015"},"content":{"rendered":"\n<div class=\"wp-block-pb-accordion-item c-accordion__item js-accordion-item no-js\" data-initially-open=\"false\" data-click-to-close=\"true\" data-auto-close=\"true\" data-scroll=\"false\" data-scroll-offset=\"0\"><h4 id=\"at-710\" class=\"c-accordion__title js-accordion-controller\" role=\"button\">Equazioni di campo non lineari: soluzioni stazionarie e solitoni<\/h4><div id=\"ac-710\" class=\"c-accordion__content\">\n<p><strong>Lecturers: <\/strong>Jacopo Bellazzini (Universit\u00e0 di Sassari), Claudio Bonanno (Universit\u00e0 di Pisa), Marco Ghimenti (Universit\u00e0 di Pisa), Vitaly Moroz (Swansea University), Didier Smets (Universit\u00e9 Pierre et Marie Curie)<\/p>\n\n\n\n<p><a href=\"https:\/\/www.dm.unipi.it\/webnew\/sites\/default\/files\/1415_Equazioni_non-lineari.pdf\">Abstract<\/a><\/p>\n<\/div><\/div>\n\n\n\n<div class=\"wp-block-pb-accordion-item c-accordion__item js-accordion-item no-js\" data-initially-open=\"false\" data-click-to-close=\"true\" data-auto-close=\"true\" data-scroll=\"false\" data-scroll-offset=\"0\"><h4 id=\"at-711\" class=\"c-accordion__title js-accordion-controller\" role=\"button\">Lectures on Differential Analytic Linear Systems<\/h4><div id=\"ac-711\" class=\"c-accordion__content\">\n<p><strong>Lecturer: <\/strong>Sergei Yakovenko (Weizmann Institute of Science)<\/p>\n\n\n\n<p><a href=\"https:\/\/www.dm.unipi.it\/webnew\/sites\/default\/files\/Yakovenko_1415.pdf\">Abstract<\/a><\/p>\n<\/div><\/div>\n\n\n\n<div class=\"wp-block-pb-accordion-item c-accordion__item js-accordion-item no-js\" data-initially-open=\"false\" data-click-to-close=\"true\" data-auto-close=\"true\" data-scroll=\"false\" data-scroll-offset=\"0\"><h4 id=\"at-712\" class=\"c-accordion__title js-accordion-controller\" role=\"button\">Problemi di ottimizzazione della forma<\/h4><div id=\"ac-712\" class=\"c-accordion__content\">\n<p><strong>Lecturer: <\/strong>Giuseppe Buttazzo (Universit\u00e0 di Pisa)<\/p>\n\n\n\n<p><a href=\"https:\/\/www.dm.unipi.it\/webnew\/sites\/default\/files\/1415_Ottimizzazione_forma.pdf\">Abstract<\/a><\/p>\n<\/div><\/div>\n","protected":false},"excerpt":{"rendered":"<p><a class=\"btn btn-dark btn-sm unipi-read-more-link\" href=\"https:\/\/www.dm.unipi.it\/phd\/ph-d-courses\/past-courses\/phd-courses-2014-2015\/\">Read More&#8230;<\/a><\/p>\n","protected":false},"author":2,"featured_media":0,"parent":78,"menu_order":0,"comment_status":"closed","ping_status":"closed","template":"","meta":{"_acf_changed":false,"footnotes":""},"class_list":["post-71","page","type-page","status-publish","hentry"],"acf":[],"yoast_head":"<!-- This site is optimized with the Yoast SEO plugin v27.3 - https:\/\/yoast.com\/product\/yoast-seo-wordpress\/ -->\n<title>Ph.D. Courses 2014 - 2015 - Ph.D. in Mathematics<\/title>\n<meta name=\"robots\" content=\"index, follow, max-snippet:-1, max-image-preview:large, max-video-preview:-1\" \/>\n<link rel=\"canonical\" href=\"https:\/\/www.dm.unipi.it\/phd\/ph-d-courses\/past-courses\/phd-courses-2014-2015\/\" \/>\n<meta property=\"og:locale\" content=\"en_US\" \/>\n<meta property=\"og:type\" content=\"article\" \/>\n<meta property=\"og:title\" content=\"Ph.D. Courses 2014 - 2015 - Ph.D. in Mathematics\" \/>\n<meta property=\"og:description\" content=\"Read More...\" \/>\n<meta property=\"og:url\" content=\"https:\/\/www.dm.unipi.it\/phd\/ph-d-courses\/past-courses\/phd-courses-2014-2015\/\" \/>\n<meta property=\"og:site_name\" content=\"Ph.D. in Mathematics\" \/>\n<meta property=\"article:modified_time\" content=\"2022-04-03T16:41:30+00:00\" \/>\n<meta name=\"twitter:card\" content=\"summary_large_image\" \/>\n<meta name=\"twitter:label1\" content=\"Est. reading time\" \/>\n\t<meta name=\"twitter:data1\" content=\"1 minute\" \/>\n<script type=\"application\/ld+json\" class=\"yoast-schema-graph\">{\"@context\":\"https:\\\/\\\/schema.org\",\"@graph\":[{\"@type\":\"WebPage\",\"@id\":\"https:\\\/\\\/www.dm.unipi.it\\\/phd\\\/ph-d-courses\\\/past-courses\\\/phd-courses-2014-2015\\\/\",\"url\":\"https:\\\/\\\/www.dm.unipi.it\\\/phd\\\/ph-d-courses\\\/past-courses\\\/phd-courses-2014-2015\\\/\",\"name\":\"Ph.D. Courses 2014 - 2015 - Ph.D. in Mathematics\",\"isPartOf\":{\"@id\":\"https:\\\/\\\/www.dm.unipi.it\\\/phd\\\/#website\"},\"datePublished\":\"2022-03-08T23:14:45+00:00\",\"dateModified\":\"2022-04-03T16:41:30+00:00\",\"breadcrumb\":{\"@id\":\"https:\\\/\\\/www.dm.unipi.it\\\/phd\\\/ph-d-courses\\\/past-courses\\\/phd-courses-2014-2015\\\/#breadcrumb\"},\"inLanguage\":\"en-US\",\"potentialAction\":[{\"@type\":\"ReadAction\",\"target\":[\"https:\\\/\\\/www.dm.unipi.it\\\/phd\\\/ph-d-courses\\\/past-courses\\\/phd-courses-2014-2015\\\/\"]}]},{\"@type\":\"BreadcrumbList\",\"@id\":\"https:\\\/\\\/www.dm.unipi.it\\\/phd\\\/ph-d-courses\\\/past-courses\\\/phd-courses-2014-2015\\\/#breadcrumb\",\"itemListElement\":[{\"@type\":\"ListItem\",\"position\":1,\"name\":\"Home\",\"item\":\"https:\\\/\\\/www.dm.unipi.it\\\/phd\\\/\"},{\"@type\":\"ListItem\",\"position\":2,\"name\":\"Ph.D. Courses\",\"item\":\"https:\\\/\\\/www.dm.unipi.it\\\/phd\\\/ph-d-courses\\\/\"},{\"@type\":\"ListItem\",\"position\":3,\"name\":\"Past Courses\",\"item\":\"https:\\\/\\\/www.dm.unipi.it\\\/phd\\\/ph-d-courses\\\/past-courses\\\/\"},{\"@type\":\"ListItem\",\"position\":4,\"name\":\"Ph.D. Courses 2014 &#8211; 2015\"}]},{\"@type\":\"WebSite\",\"@id\":\"https:\\\/\\\/www.dm.unipi.it\\\/phd\\\/#website\",\"url\":\"https:\\\/\\\/www.dm.unipi.it\\\/phd\\\/\",\"name\":\"Ph.D. in Mathematics\",\"description\":\"Dipartimento di Matematica - Universit\u00e0 di Pisa\",\"publisher\":{\"@id\":\"https:\\\/\\\/www.dm.unipi.it\\\/phd\\\/#organization\"},\"potentialAction\":[{\"@type\":\"SearchAction\",\"target\":{\"@type\":\"EntryPoint\",\"urlTemplate\":\"https:\\\/\\\/www.dm.unipi.it\\\/phd\\\/?s={search_term_string}\"},\"query-input\":{\"@type\":\"PropertyValueSpecification\",\"valueRequired\":true,\"valueName\":\"search_term_string\"}}],\"inLanguage\":\"en-US\"},{\"@type\":\"Organization\",\"@id\":\"https:\\\/\\\/www.dm.unipi.it\\\/phd\\\/#organization\",\"name\":\"Ph.D. in Mathematics\",\"url\":\"https:\\\/\\\/www.dm.unipi.it\\\/phd\\\/\",\"logo\":{\"@type\":\"ImageObject\",\"inLanguage\":\"en-US\",\"@id\":\"https:\\\/\\\/www.dm.unipi.it\\\/phd\\\/#\\\/schema\\\/logo\\\/image\\\/\",\"url\":\"https:\\\/\\\/www.dm.unipi.it\\\/phd\\\/wp-content\\\/uploads\\\/sites\\\/4\\\/2023\\\/05\\\/matematica_dx_bianco-2.png\",\"contentUrl\":\"https:\\\/\\\/www.dm.unipi.it\\\/phd\\\/wp-content\\\/uploads\\\/sites\\\/4\\\/2023\\\/05\\\/matematica_dx_bianco-2.png\",\"width\":1612,\"height\":463,\"caption\":\"Ph.D. in Mathematics\"},\"image\":{\"@id\":\"https:\\\/\\\/www.dm.unipi.it\\\/phd\\\/#\\\/schema\\\/logo\\\/image\\\/\"}}]}<\/script>\n<!-- \/ Yoast SEO plugin. -->","yoast_head_json":{"title":"Ph.D. Courses 2014 - 2015 - Ph.D. in Mathematics","robots":{"index":"index","follow":"follow","max-snippet":"max-snippet:-1","max-image-preview":"max-image-preview:large","max-video-preview":"max-video-preview:-1"},"canonical":"https:\/\/www.dm.unipi.it\/phd\/ph-d-courses\/past-courses\/phd-courses-2014-2015\/","og_locale":"en_US","og_type":"article","og_title":"Ph.D. Courses 2014 - 2015 - Ph.D. in Mathematics","og_description":"Read More...","og_url":"https:\/\/www.dm.unipi.it\/phd\/ph-d-courses\/past-courses\/phd-courses-2014-2015\/","og_site_name":"Ph.D. in Mathematics","article_modified_time":"2022-04-03T16:41:30+00:00","twitter_card":"summary_large_image","twitter_misc":{"Est. reading time":"1 minute"},"schema":{"@context":"https:\/\/schema.org","@graph":[{"@type":"WebPage","@id":"https:\/\/www.dm.unipi.it\/phd\/ph-d-courses\/past-courses\/phd-courses-2014-2015\/","url":"https:\/\/www.dm.unipi.it\/phd\/ph-d-courses\/past-courses\/phd-courses-2014-2015\/","name":"Ph.D. Courses 2014 - 2015 - Ph.D. in Mathematics","isPartOf":{"@id":"https:\/\/www.dm.unipi.it\/phd\/#website"},"datePublished":"2022-03-08T23:14:45+00:00","dateModified":"2022-04-03T16:41:30+00:00","breadcrumb":{"@id":"https:\/\/www.dm.unipi.it\/phd\/ph-d-courses\/past-courses\/phd-courses-2014-2015\/#breadcrumb"},"inLanguage":"en-US","potentialAction":[{"@type":"ReadAction","target":["https:\/\/www.dm.unipi.it\/phd\/ph-d-courses\/past-courses\/phd-courses-2014-2015\/"]}]},{"@type":"BreadcrumbList","@id":"https:\/\/www.dm.unipi.it\/phd\/ph-d-courses\/past-courses\/phd-courses-2014-2015\/#breadcrumb","itemListElement":[{"@type":"ListItem","position":1,"name":"Home","item":"https:\/\/www.dm.unipi.it\/phd\/"},{"@type":"ListItem","position":2,"name":"Ph.D. Courses","item":"https:\/\/www.dm.unipi.it\/phd\/ph-d-courses\/"},{"@type":"ListItem","position":3,"name":"Past Courses","item":"https:\/\/www.dm.unipi.it\/phd\/ph-d-courses\/past-courses\/"},{"@type":"ListItem","position":4,"name":"Ph.D. Courses 2014 &#8211; 2015"}]},{"@type":"WebSite","@id":"https:\/\/www.dm.unipi.it\/phd\/#website","url":"https:\/\/www.dm.unipi.it\/phd\/","name":"Ph.D. in Mathematics","description":"Dipartimento di Matematica - Universit\u00e0 di Pisa","publisher":{"@id":"https:\/\/www.dm.unipi.it\/phd\/#organization"},"potentialAction":[{"@type":"SearchAction","target":{"@type":"EntryPoint","urlTemplate":"https:\/\/www.dm.unipi.it\/phd\/?s={search_term_string}"},"query-input":{"@type":"PropertyValueSpecification","valueRequired":true,"valueName":"search_term_string"}}],"inLanguage":"en-US"},{"@type":"Organization","@id":"https:\/\/www.dm.unipi.it\/phd\/#organization","name":"Ph.D. in Mathematics","url":"https:\/\/www.dm.unipi.it\/phd\/","logo":{"@type":"ImageObject","inLanguage":"en-US","@id":"https:\/\/www.dm.unipi.it\/phd\/#\/schema\/logo\/image\/","url":"https:\/\/www.dm.unipi.it\/phd\/wp-content\/uploads\/sites\/4\/2023\/05\/matematica_dx_bianco-2.png","contentUrl":"https:\/\/www.dm.unipi.it\/phd\/wp-content\/uploads\/sites\/4\/2023\/05\/matematica_dx_bianco-2.png","width":1612,"height":463,"caption":"Ph.D. in Mathematics"},"image":{"@id":"https:\/\/www.dm.unipi.it\/phd\/#\/schema\/logo\/image\/"}}]}},"publishpress_future_action":{"enabled":false,"date":"2026-04-11 14:45:17","action":"change-status","newStatus":"draft","terms":[],"taxonomy":"","extraData":[]},"publishpress_future_workflow_manual_trigger":{"enabledWorkflows":[]},"_links":{"self":[{"href":"https:\/\/www.dm.unipi.it\/phd\/wp-json\/wp\/v2\/pages\/71","targetHints":{"allow":["GET"]}}],"collection":[{"href":"https:\/\/www.dm.unipi.it\/phd\/wp-json\/wp\/v2\/pages"}],"about":[{"href":"https:\/\/www.dm.unipi.it\/phd\/wp-json\/wp\/v2\/types\/page"}],"author":[{"embeddable":true,"href":"https:\/\/www.dm.unipi.it\/phd\/wp-json\/wp\/v2\/users\/2"}],"replies":[{"embeddable":true,"href":"https:\/\/www.dm.unipi.it\/phd\/wp-json\/wp\/v2\/comments?post=71"}],"version-history":[{"count":5,"href":"https:\/\/www.dm.unipi.it\/phd\/wp-json\/wp\/v2\/pages\/71\/revisions"}],"predecessor-version":[{"id":350,"href":"https:\/\/www.dm.unipi.it\/phd\/wp-json\/wp\/v2\/pages\/71\/revisions\/350"}],"up":[{"embeddable":true,"href":"https:\/\/www.dm.unipi.it\/phd\/wp-json\/wp\/v2\/pages\/78"}],"wp:attachment":[{"href":"https:\/\/www.dm.unipi.it\/phd\/wp-json\/wp\/v2\/media?parent=71"}],"curies":[{"name":"wp","href":"https:\/\/api.w.org\/{rel}","templated":true}]}}