{"id":471,"date":"2022-04-15T18:53:26","date_gmt":"2022-04-15T18:53:26","guid":{"rendered":"https:\/\/www.dm.unipi.it\/terza-missione\/cosa-fare-partecipare\/"},"modified":"2025-12-19T09:16:00","modified_gmt":"2025-12-19T08:16:00","slug":"cosa-fare-partecipare","status":"publish","type":"page","link":"https:\/\/www.dm.unipi.it\/terza-missione\/orientamento\/settimana-matematica\/cosa-fare-partecipare\/","title":{"rendered":"Cosa fare per partecipare"},"content":{"rendered":"\n<p>Le studentesse e gli studenti interessate\/i a partecipare alla Settimana Matematica <strong>devono necessariamente<\/strong> effettuare la pre-iscrizione online compilando il modulo raggiungibile tramite il seguente link:<\/p>\n\n\n\n<p><strong><a href=\"https:\/\/docs.google.com\/forms\/d\/e\/1FAIpQLSf8Qu7B--kn3dJIwKW46ku6k7x7msTzOGHrbbb-DY6lT2i1Tg\/viewform\" target=\"_blank\" rel=\"noreferrer noopener\">VAI ALLA PRE-ISCRIZIONE ONLINE<\/a><\/strong><\/p>\n\n\n\n<p>La pre-iscrizione <strong>NON \u00e8 garanzia di ammissione<\/strong> alla Settimana Matematica. <\/p>\n\n\n\n<p>Al momento della pre-iscrizione occorre:<\/p>\n\n\n\n<ul class=\"wp-block-list\">\n<li>indicare un proprio indirizzo email valido e funzionante;<\/li>\n\n\n\n<li>indicare nome, cognome e indirizzo email del proprio insegnante di matematica o del referente per l\u2019orientamento della propria scuola;<\/li>\n\n\n\n<li>esprimere le proprie preferenze sui laboratori che si vorrebbero frequentare.<\/li>\n<\/ul>\n\n\n\n<p>Gli indirizzi email indicati nel modulo saranno utilizzati per le successive comunicazioni riguardo alla Settimana Matematica, \u00e8 quindi <strong>molto importante assicurarsi di inserire correttamente indirizzi validi<\/strong>.<\/p>\n\n\n\n<p>In merito ai laboratori, l\u2019organizzazione non garantisce l\u2019assegnazione del primo laboratorio scelto, dunque \u00e8 <strong>molto importante compilare con cura anche le scelte successive alla prima<\/strong>.<\/p>\n\n\n\n<p>Come scritto sopra, la pre-iscrizione \u00e8 necessaria, ma <strong>NON \u00e8 garanzia di ammissione<\/strong> alla Settimana Matematica.<\/p>\n\n\n\n<p>Nel caso in cui il numero di richieste sia superiore al numero massimo di persone che la manifestazione pu\u00f2 accogliere, e comunque nei casi ritenuti opportuni, verr\u00e0 fatta una selezione delle domande pervenute. La selezione sar\u00e0 fatta, nei limiti del possibile, in modo da garantire la rappresentanza dei diversi istituti, evitare un numero troppo alto di studenti di una medesima classe o di una medesima scuola e assicurare l\u2019equilibrio di genere.<\/p>\n\n\n\n<p><strong>L\u2019elenco degli ammessi alla Settimana Matematica con l\u2019indicazione dei laboratori loro assegnati verr\u00e0 comunicato alle scuole e agli studenti ammessi<\/strong> entro pochi giorni dalla chiusura delle pre-iscrizioni. Ribadiamo per questo l\u2019importanza che al momento della pre-iscrizione gli studenti si assicurino di digitare correttamente il proprio indirizzo email e quello del proprio insegnante di matematica o del referente per l\u2019orientamento della propria scuola.<\/p>\n\n\n\n<p>Le scuole potranno, volendo, richiedere modifiche\/sostituzioni all\u2019elenco degli ammessi, tenendo fermo il loro numero e i laboratori assegnati, scrivendo con dovuto anticipo ai contatti indicati nella <a href=\"https:\/\/www.dm.unipi.it\/terza-missione\/orientamento\/settimana-matematica\/contatti-settimana-matematica\/\">pagina web dedicata<\/a>.<\/p>\n\n\n\n<p>Le persone ammesse dovranno confermare le proprie iscrizioni seguendo le istruzioni che verranno comunicate.<\/p>\n\n\n\n<p>Durante la Settimana Matematica, <strong>verranno registrate le presenze degli studenti<\/strong>. Le scuole che hanno la necessit\u00e0 che le presenze vengano registrate su un proprio foglio firme devono fornirlo ai propri studenti sin dal primo giorno e ricordare loro di portarlo sempre a tutte le sessioni.<\/p>\n","protected":false},"excerpt":{"rendered":"<p>Le studentesse e gli studenti interessate\/i a partecipare alla Settimana Matematica devono necessariamente effettuare la pre-iscrizione online compilando il modulo&hellip;<\/p>\n<p><a class=\"btn btn-dark btn-sm unipi-read-more-link\" href=\"https:\/\/www.dm.unipi.it\/terza-missione\/orientamento\/settimana-matematica\/cosa-fare-partecipare\/\">Leggi tutto&#8230;<\/a><\/p>\n","protected":false},"author":2,"featured_media":0,"parent":498,"menu_order":0,"comment_status":"closed","ping_status":"closed","template":"","meta":{"_acf_changed":false,"footnotes":""},"class_list":["post-471","page","type-page","status-publish","hentry"],"acf":[],"yoast_head":"<!-- This site is optimized with the Yoast SEO plugin v27.4 - https:\/\/yoast.com\/product\/yoast-seo-wordpress\/ -->\n<title>Cosa fare per partecipare - Terza missione<\/title>\n<meta name=\"robots\" content=\"index, follow, max-snippet:-1, max-image-preview:large, max-video-preview:-1\" \/>\n<link rel=\"canonical\" href=\"https:\/\/www.dm.unipi.it\/terza-missione\/orientamento\/settimana-matematica\/cosa-fare-partecipare\/\" \/>\n<meta property=\"og:locale\" content=\"it_IT\" \/>\n<meta property=\"og:type\" content=\"article\" \/>\n<meta property=\"og:title\" content=\"Cosa fare per partecipare - Terza missione\" \/>\n<meta property=\"og:description\" content=\"Le studentesse e gli studenti interessate\/i a partecipare alla Settimana Matematica devono necessariamente effettuare la pre-iscrizione online compilando il modulo&hellip;Leggi tutto...\" \/>\n<meta property=\"og:url\" content=\"https:\/\/www.dm.unipi.it\/terza-missione\/orientamento\/settimana-matematica\/cosa-fare-partecipare\/\" \/>\n<meta property=\"og:site_name\" content=\"Terza missione\" \/>\n<meta property=\"article:modified_time\" content=\"2025-12-19T08:16:00+00:00\" \/>\n<meta name=\"twitter:card\" content=\"summary_large_image\" \/>\n<meta name=\"twitter:label1\" content=\"Tempo di lettura stimato\" \/>\n\t<meta name=\"twitter:data1\" content=\"2 minuti\" \/>\n<script type=\"application\/ld+json\" class=\"yoast-schema-graph\">{\"@context\":\"https:\\\/\\\/schema.org\",\"@graph\":[{\"@type\":\"WebPage\",\"@id\":\"https:\\\/\\\/www.dm.unipi.it\\\/terza-missione\\\/orientamento\\\/settimana-matematica\\\/cosa-fare-partecipare\\\/\",\"url\":\"https:\\\/\\\/www.dm.unipi.it\\\/terza-missione\\\/orientamento\\\/settimana-matematica\\\/cosa-fare-partecipare\\\/\",\"name\":\"Cosa fare per partecipare - Terza missione\",\"isPartOf\":{\"@id\":\"https:\\\/\\\/www.dm.unipi.it\\\/terza-missione\\\/#website\"},\"datePublished\":\"2022-04-15T18:53:26+00:00\",\"dateModified\":\"2025-12-19T08:16:00+00:00\",\"breadcrumb\":{\"@id\":\"https:\\\/\\\/www.dm.unipi.it\\\/terza-missione\\\/orientamento\\\/settimana-matematica\\\/cosa-fare-partecipare\\\/#breadcrumb\"},\"inLanguage\":\"it-IT\",\"potentialAction\":[{\"@type\":\"ReadAction\",\"target\":[\"https:\\\/\\\/www.dm.unipi.it\\\/terza-missione\\\/orientamento\\\/settimana-matematica\\\/cosa-fare-partecipare\\\/\"]}]},{\"@type\":\"BreadcrumbList\",\"@id\":\"https:\\\/\\\/www.dm.unipi.it\\\/terza-missione\\\/orientamento\\\/settimana-matematica\\\/cosa-fare-partecipare\\\/#breadcrumb\",\"itemListElement\":[{\"@type\":\"ListItem\",\"position\":1,\"name\":\"Home\",\"item\":\"https:\\\/\\\/www.dm.unipi.it\\\/terza-missione\\\/\"},{\"@type\":\"ListItem\",\"position\":2,\"name\":\"Orientamento\",\"item\":\"https:\\\/\\\/www.dm.unipi.it\\\/terza-missione\\\/orientamento\\\/\"},{\"@type\":\"ListItem\",\"position\":3,\"name\":\"Settimana Matematica\",\"item\":\"https:\\\/\\\/www.dm.unipi.it\\\/terza-missione\\\/orientamento\\\/settimana-matematica\\\/\"},{\"@type\":\"ListItem\",\"position\":4,\"name\":\"Cosa fare per partecipare\"}]},{\"@type\":\"WebSite\",\"@id\":\"https:\\\/\\\/www.dm.unipi.it\\\/terza-missione\\\/#website\",\"url\":\"https:\\\/\\\/www.dm.unipi.it\\\/terza-missione\\\/\",\"name\":\"Terza missione\",\"description\":\"Dipartimento di Matematica - Universit\u00e0 di Pisa\",\"publisher\":{\"@id\":\"https:\\\/\\\/www.dm.unipi.it\\\/terza-missione\\\/#organization\"},\"potentialAction\":[{\"@type\":\"SearchAction\",\"target\":{\"@type\":\"EntryPoint\",\"urlTemplate\":\"https:\\\/\\\/www.dm.unipi.it\\\/terza-missione\\\/?s={search_term_string}\"},\"query-input\":{\"@type\":\"PropertyValueSpecification\",\"valueRequired\":true,\"valueName\":\"search_term_string\"}}],\"inLanguage\":\"it-IT\"},{\"@type\":\"Organization\",\"@id\":\"https:\\\/\\\/www.dm.unipi.it\\\/terza-missione\\\/#organization\",\"name\":\"Terza missione\",\"url\":\"https:\\\/\\\/www.dm.unipi.it\\\/terza-missione\\\/\",\"logo\":{\"@type\":\"ImageObject\",\"inLanguage\":\"it-IT\",\"@id\":\"https:\\\/\\\/www.dm.unipi.it\\\/terza-missione\\\/#\\\/schema\\\/logo\\\/image\\\/\",\"url\":\"https:\\\/\\\/www.dm.unipi.it\\\/terza-missione\\\/wp-content\\\/uploads\\\/sites\\\/7\\\/2022\\\/07\\\/matematica_dx_bianco-1.png\",\"contentUrl\":\"https:\\\/\\\/www.dm.unipi.it\\\/terza-missione\\\/wp-content\\\/uploads\\\/sites\\\/7\\\/2022\\\/07\\\/matematica_dx_bianco-1.png\",\"width\":1612,\"height\":463,\"caption\":\"Terza missione\"},\"image\":{\"@id\":\"https:\\\/\\\/www.dm.unipi.it\\\/terza-missione\\\/#\\\/schema\\\/logo\\\/image\\\/\"}}]}<\/script>\n<!-- \/ Yoast SEO plugin. -->","yoast_head_json":{"title":"Cosa fare per partecipare - Terza missione","robots":{"index":"index","follow":"follow","max-snippet":"max-snippet:-1","max-image-preview":"max-image-preview:large","max-video-preview":"max-video-preview:-1"},"canonical":"https:\/\/www.dm.unipi.it\/terza-missione\/orientamento\/settimana-matematica\/cosa-fare-partecipare\/","og_locale":"it_IT","og_type":"article","og_title":"Cosa fare per partecipare - Terza missione","og_description":"Le studentesse e gli studenti interessate\/i a partecipare alla Settimana Matematica devono necessariamente effettuare la pre-iscrizione online compilando il modulo&hellip;Leggi tutto...","og_url":"https:\/\/www.dm.unipi.it\/terza-missione\/orientamento\/settimana-matematica\/cosa-fare-partecipare\/","og_site_name":"Terza missione","article_modified_time":"2025-12-19T08:16:00+00:00","twitter_card":"summary_large_image","twitter_misc":{"Tempo di lettura stimato":"2 minuti"},"schema":{"@context":"https:\/\/schema.org","@graph":[{"@type":"WebPage","@id":"https:\/\/www.dm.unipi.it\/terza-missione\/orientamento\/settimana-matematica\/cosa-fare-partecipare\/","url":"https:\/\/www.dm.unipi.it\/terza-missione\/orientamento\/settimana-matematica\/cosa-fare-partecipare\/","name":"Cosa fare per partecipare - Terza missione","isPartOf":{"@id":"https:\/\/www.dm.unipi.it\/terza-missione\/#website"},"datePublished":"2022-04-15T18:53:26+00:00","dateModified":"2025-12-19T08:16:00+00:00","breadcrumb":{"@id":"https:\/\/www.dm.unipi.it\/terza-missione\/orientamento\/settimana-matematica\/cosa-fare-partecipare\/#breadcrumb"},"inLanguage":"it-IT","potentialAction":[{"@type":"ReadAction","target":["https:\/\/www.dm.unipi.it\/terza-missione\/orientamento\/settimana-matematica\/cosa-fare-partecipare\/"]}]},{"@type":"BreadcrumbList","@id":"https:\/\/www.dm.unipi.it\/terza-missione\/orientamento\/settimana-matematica\/cosa-fare-partecipare\/#breadcrumb","itemListElement":[{"@type":"ListItem","position":1,"name":"Home","item":"https:\/\/www.dm.unipi.it\/terza-missione\/"},{"@type":"ListItem","position":2,"name":"Orientamento","item":"https:\/\/www.dm.unipi.it\/terza-missione\/orientamento\/"},{"@type":"ListItem","position":3,"name":"Settimana Matematica","item":"https:\/\/www.dm.unipi.it\/terza-missione\/orientamento\/settimana-matematica\/"},{"@type":"ListItem","position":4,"name":"Cosa fare per partecipare"}]},{"@type":"WebSite","@id":"https:\/\/www.dm.unipi.it\/terza-missione\/#website","url":"https:\/\/www.dm.unipi.it\/terza-missione\/","name":"Terza missione","description":"Dipartimento di Matematica - Universit\u00e0 di Pisa","publisher":{"@id":"https:\/\/www.dm.unipi.it\/terza-missione\/#organization"},"potentialAction":[{"@type":"SearchAction","target":{"@type":"EntryPoint","urlTemplate":"https:\/\/www.dm.unipi.it\/terza-missione\/?s={search_term_string}"},"query-input":{"@type":"PropertyValueSpecification","valueRequired":true,"valueName":"search_term_string"}}],"inLanguage":"it-IT"},{"@type":"Organization","@id":"https:\/\/www.dm.unipi.it\/terza-missione\/#organization","name":"Terza missione","url":"https:\/\/www.dm.unipi.it\/terza-missione\/","logo":{"@type":"ImageObject","inLanguage":"it-IT","@id":"https:\/\/www.dm.unipi.it\/terza-missione\/#\/schema\/logo\/image\/","url":"https:\/\/www.dm.unipi.it\/terza-missione\/wp-content\/uploads\/sites\/7\/2022\/07\/matematica_dx_bianco-1.png","contentUrl":"https:\/\/www.dm.unipi.it\/terza-missione\/wp-content\/uploads\/sites\/7\/2022\/07\/matematica_dx_bianco-1.png","width":1612,"height":463,"caption":"Terza missione"},"image":{"@id":"https:\/\/www.dm.unipi.it\/terza-missione\/#\/schema\/logo\/image\/"}}]}},"publishpress_future_action":{"enabled":false,"date":"2026-04-28 17:52:16","action":"change-status","newStatus":"draft","terms":[],"taxonomy":"","extraData":[]},"publishpress_future_workflow_manual_trigger":{"enabledWorkflows":[]},"_links":{"self":[{"href":"https:\/\/www.dm.unipi.it\/terza-missione\/wp-json\/wp\/v2\/pages\/471","targetHints":{"allow":["GET"]}}],"collection":[{"href":"https:\/\/www.dm.unipi.it\/terza-missione\/wp-json\/wp\/v2\/pages"}],"about":[{"href":"https:\/\/www.dm.unipi.it\/terza-missione\/wp-json\/wp\/v2\/types\/page"}],"author":[{"embeddable":true,"href":"https:\/\/www.dm.unipi.it\/terza-missione\/wp-json\/wp\/v2\/users\/2"}],"replies":[{"embeddable":true,"href":"https:\/\/www.dm.unipi.it\/terza-missione\/wp-json\/wp\/v2\/comments?post=471"}],"version-history":[{"count":12,"href":"https:\/\/www.dm.unipi.it\/terza-missione\/wp-json\/wp\/v2\/pages\/471\/revisions"}],"predecessor-version":[{"id":1472,"href":"https:\/\/www.dm.unipi.it\/terza-missione\/wp-json\/wp\/v2\/pages\/471\/revisions\/1472"}],"up":[{"embeddable":true,"href":"https:\/\/www.dm.unipi.it\/terza-missione\/wp-json\/wp\/v2\/pages\/498"}],"wp:attachment":[{"href":"https:\/\/www.dm.unipi.it\/terza-missione\/wp-json\/wp\/v2\/media?parent=471"}],"curies":[{"name":"wp","href":"https:\/\/api.w.org\/{rel}","templated":true}]}}