{"id":481,"date":"2022-04-15T18:53:27","date_gmt":"2022-04-15T18:53:27","guid":{"rendered":"https:\/\/www.dm.unipi.it\/terza-missione\/laboratori-settimana-matematica-2021\/"},"modified":"2025-11-04T16:47:59","modified_gmt":"2025-11-04T15:47:59","slug":"laboratori-settimana-matematica-2021","status":"publish","type":"page","link":"https:\/\/www.dm.unipi.it\/terza-missione\/orientamento\/settimana-matematica\/settimana-matematica-2021\/laboratori-settimana-matematica-2021\/","title":{"rendered":"Laboratori Settimana Matematica 2021"},"content":{"rendered":"\n<p><strong>Laboratorio 1.<\/strong> <em>La ricerca della strada pi\u00f9 corta e bolle di sapone<\/em><br>Qual \u00e8 il modo pi\u00f9 efficiente di collegare un certo numero di citt\u00e0 in una pianura? Proveremo a ricavare delle propriet\u00e0 comuni a tutte le strade pi\u00f9 corte, indipendentemente dal numero e dalla posizione delle citt\u00e0, e poi disegneremo la rete di strade in alcune situazioni semplici. Cosa potrebbe mai avere a che fare questo problema con le bolle di sapone? Lo scopriremo insieme!<br><strong>Responsabile<\/strong>: A. Pluda<\/p>\n\n\n\n<p><strong>Laboratorio 2.<\/strong> <em>Rintocchi regolati: l&#8217;algebra dal campanile<\/em><br>In questo laboratorio parleremo di algebra e geometria partendo da uno spunto musicale. Le campane della torre di Pisa sono disposte in cerchio. Ci\u00f2 permette di suonarle secondo una tecnica tradizionale inglese, chiamata &#8220;change ringing&#8221;. Questo metodo si basa su semplici regole che ritroviamo anche alla base della teoria algebrica delle permutazioni. Nella prima parte del nostro laboratorio presenteremo queste regole e, con esse, l&#8217;algebra delle permutazioni. Nella seconda parte del laboratorio proveremo a capire quanti concerti &#8220;a regola d&#8217;arte inglese&#8221; potremmo suonare dalla torre di Pisa. Tradurremo il problema in forma geometrica e incontreremo in questo modo anche la teoria dei poliedri.<br><strong>Responsabile<\/strong>: E. Delucchi<\/p>\n\n\n\n<p><strong>Laboratorio 3.<\/strong> <em>La rovina del giocatore e la camminata dell&#8217;ubriaco, ovvero, alla scoperta delle passeggiate aleatorie<\/em><br>&#8220;Un ubriaco che cammina a casaccio trover\u00e0 prima o poi la strada di casa, ma un uccello ubriaco potrebbe perdersi per sempre.&#8221; Questa frase dall&#8217;aria enigmatica non \u00e8 la traduzione di un proverbio esotico sconosciuto ai pi\u00f9, ma un detto curioso che racchiude una verit\u00e0 matematica alquanto profonda. In questo laboratorio parleremo di &#8220;passeggiate aleatorie&#8221;, cio\u00e8 percorsi casuali, di vario genere: ci chiederemo anzitutto cosa significhi intraprendere un percorso &#8220;a caso&#8221; \u2013&nbsp;su una scacchiera, nel piano, nello spazio, su un &#8220;grafo&#8221;&nbsp;\u2013 e come la teoria della probabilit\u00e0 possa aiutarci a formalizzare e comprendere questa idea. Ci occuperemo poi del comportamento di questi percorsi casuali su tempi lunghi: dopo quanto tempo un camminatore casuale sar\u00e0 tornato al punto di partenza? Se attendiamo un tempo molto lungo, sappiamo dire qualcosa sulla probabilit\u00e0 che questi si trovi in un luogo piuttosto che un altro? Come dipendono le risposte a queste domande dalla struttura dell'&#8221;ambiente&#8221; nel quale si svolge il cammino? E infine, quale rapporto c\u2019\u00e8 fra le passeggiate aleatorie e la miriade di applicazioni che trovano in fisica, in biologia, in economia, in informatica?<br><strong>Responsabile<\/strong>: A. Caraceni<\/p>\n\n\n\n<p><strong>Laboratorio 4.<\/strong> <em>Matematica, musica, e computer<\/em><br>Come fa il nostro orecchio a distinguere il suono di un pianoforte da quello di una chitarra? Come si possono ricavare &#8220;al volo&#8221; le note e gli accordi di un pezzo musicale? \u00c8 possibile rimuovere il rumore di fondo da una registrazione venuta male o prevedere il riverbero percepito in un&#8217;esecuzione musicale fatta in una cattedrale? Utilizzando propriet\u00e0 di funzioni trigonometriche e di polinomi, assieme a strumenti ideati da alcuni matematici del passato quali Jean Baptiste Joseph Fourier e Carl Friedrich Gauss, introdurremo un modello matematico che rappresenti i suoni. Dopo aver presentato teoricamente questo modello, svolgeremo della sperimentazione attraverso strumenti informatici, che ci permetteranno di ascoltare e manipolare suoni usando opportuni algoritmi. Riusciremo in questo modo a dare risposte alle domande in modo automatico e in tempo reale. Capiremo inoltre come creare artificialmente una melodia eseguita da un determinato strumento.<br><strong>Responsabili<\/strong>: P. Boito, L. Robol<\/p>\n\n\n\n<p><strong>Laboratorio 5.<\/strong> <em>Dalla mela di Newton all&#8217;era spaziale: esplorare lo spazio con la matematica<\/em><br>Il 18 febbraio 2021 il rover Perseverance della NASA \u00e8 atterrato su Marte; il 20 ottobre 2018 la sonda ESA BepiColombo \u00e8 partita alla volta di Mercurio per studiare il pianeta pi\u00f9 vicino al Sole e testare la teoria della relativit\u00e0 generale di Einstein; il 15 settembre 2017 la sonda NASA\/ESA Cassini \u00e8 stata fatta disintegrare nell&#8217;atmosfera di Saturno dopo che per dieci anni ha fornito un&#8217;enorme quantit\u00e0 di dati e immagini; il 14 luglio 2015 la sonda NASA New Horizons ha raggiunto Plutone inviandoci fantastiche immagini di questo mondo lontanissimo; il 12 novembre 2014 il lander Philae della missione ESA Rosetta \u00e8 atterrato sulla cometa 67P\/Churymov-Gerasimenko. Questi eventi sono solo alcuni dei grandissimi traguardi nella storia dell&#8217;esplorazione spaziale, raggiunti in poco pi\u00f9 di sessanta anni dal primo lancio di un satellite nello spazio (lo Sputnik 1, il 4 ottobre 1957). Ma in realt\u00e0 tutto \u00e8 cominciato molto prima, nel Seicento, con Newton, il quale si pose la semplice domanda &#8220;se una mela cade al suolo a causa dell&#8217;attrazione gravitazionale terrestre, perch\u00e9 la Luna, pi\u00f9 o meno sferica come una mela, e sicuramente pi\u00f9 pesante, non cade anch&#8217;essa sulla Terra?&#8221;, gettando le fondamenta della Meccanica Celeste, lo studio matematico dei corpi che si muovono nello spazio. In questo laboratorio, provando a rispondere ad alcune domande (Come si esprime matematicamente il moto di un corpo nel Sistema Solare? Il nostro Sistema Solare \u00e8 caotico? Come pu\u00f2 la matematica aiutarci a studiare le caratteristiche fisiche di un pianeta\/asteroide\/cometa? Cosa serve per lanciare una sonda verso un altro pianeta?) e affrontando qualche problema, esploreremo le principali tematiche della Meccanica Celeste e dell&#8217;Astrodinamica, focalizzando l&#8217;attenzione sul passaggio dalla realt\u00e0 fisica al modello matematico.<br><strong>Responsabile<\/strong>: G. Tommei<\/p>\n\n\n\n<p><strong>Laboratorio 6.<\/strong> <em>Epidemie e alberi casuali<\/em><br>In questo laboratorio studieremo un semplice modello per predire il comportamento di un&#8217;epidemia, basato su alcune considerazioni di probabilit\u00e0 su come una persona ne infetta un&#8217;altra, e su un diagramma ad albero dei possibili contagi. Qual \u00e8 la probabilit\u00e0 che un giorno tutti guariscano e l&#8217;epidemia scompaia? Svilupperemo alcuni algoritmi per calcolare questa probabilit\u00e0 di estinzione, dimostreremo perch\u00e9 funzionano, e vedremo quale di questi \u00e8 il pi\u00f9 veloce.<br><strong>Responsabile<\/strong>: F. Poloni<\/p>\n","protected":false},"excerpt":{"rendered":"<p>Laboratorio 1. La ricerca della strada pi\u00f9 corta e bolle di saponeQual \u00e8 il modo pi\u00f9 efficiente di collegare un&hellip;<\/p>\n<p><a class=\"btn btn-dark btn-sm unipi-read-more-link\" href=\"https:\/\/www.dm.unipi.it\/terza-missione\/orientamento\/settimana-matematica\/settimana-matematica-2021\/laboratori-settimana-matematica-2021\/\">Leggi tutto&#8230;<\/a><\/p>\n","protected":false},"author":2,"featured_media":0,"parent":496,"menu_order":0,"comment_status":"closed","ping_status":"closed","template":"","meta":{"_acf_changed":false,"footnotes":""},"class_list":["post-481","page","type-page","status-publish","hentry"],"acf":[],"yoast_head":"<!-- This site is optimized with the Yoast SEO plugin v27.6 - https:\/\/yoast.com\/product\/yoast-seo-wordpress\/ -->\n<title>Laboratori Settimana Matematica 2021 - Terza missione<\/title>\n<meta name=\"robots\" content=\"index, follow, max-snippet:-1, max-image-preview:large, max-video-preview:-1\" \/>\n<link rel=\"canonical\" href=\"https:\/\/www.dm.unipi.it\/terza-missione\/orientamento\/settimana-matematica\/settimana-matematica-2021\/laboratori-settimana-matematica-2021\/\" \/>\n<meta property=\"og:locale\" content=\"it_IT\" \/>\n<meta property=\"og:type\" content=\"article\" \/>\n<meta property=\"og:title\" content=\"Laboratori Settimana Matematica 2021 - Terza missione\" \/>\n<meta property=\"og:description\" content=\"Laboratorio 1. La ricerca della strada pi\u00f9 corta e bolle di saponeQual \u00e8 il modo pi\u00f9 efficiente di collegare un&hellip;Leggi tutto...\" \/>\n<meta property=\"og:url\" content=\"https:\/\/www.dm.unipi.it\/terza-missione\/orientamento\/settimana-matematica\/settimana-matematica-2021\/laboratori-settimana-matematica-2021\/\" \/>\n<meta property=\"og:site_name\" content=\"Terza missione\" \/>\n<meta property=\"article:modified_time\" content=\"2025-11-04T15:47:59+00:00\" \/>\n<meta name=\"twitter:card\" content=\"summary_large_image\" \/>\n<meta name=\"twitter:label1\" content=\"Tempo di lettura stimato\" \/>\n\t<meta name=\"twitter:data1\" content=\"5 minuti\" \/>\n<script type=\"application\/ld+json\" class=\"yoast-schema-graph\">{\"@context\":\"https:\\\/\\\/schema.org\",\"@graph\":[{\"@type\":\"WebPage\",\"@id\":\"https:\\\/\\\/www.dm.unipi.it\\\/terza-missione\\\/orientamento\\\/settimana-matematica\\\/settimana-matematica-2021\\\/laboratori-settimana-matematica-2021\\\/\",\"url\":\"https:\\\/\\\/www.dm.unipi.it\\\/terza-missione\\\/orientamento\\\/settimana-matematica\\\/settimana-matematica-2021\\\/laboratori-settimana-matematica-2021\\\/\",\"name\":\"Laboratori Settimana Matematica 2021 - Terza missione\",\"isPartOf\":{\"@id\":\"https:\\\/\\\/www.dm.unipi.it\\\/terza-missione\\\/#website\"},\"datePublished\":\"2022-04-15T18:53:27+00:00\",\"dateModified\":\"2025-11-04T15:47:59+00:00\",\"breadcrumb\":{\"@id\":\"https:\\\/\\\/www.dm.unipi.it\\\/terza-missione\\\/orientamento\\\/settimana-matematica\\\/settimana-matematica-2021\\\/laboratori-settimana-matematica-2021\\\/#breadcrumb\"},\"inLanguage\":\"it-IT\",\"potentialAction\":[{\"@type\":\"ReadAction\",\"target\":[\"https:\\\/\\\/www.dm.unipi.it\\\/terza-missione\\\/orientamento\\\/settimana-matematica\\\/settimana-matematica-2021\\\/laboratori-settimana-matematica-2021\\\/\"]}]},{\"@type\":\"BreadcrumbList\",\"@id\":\"https:\\\/\\\/www.dm.unipi.it\\\/terza-missione\\\/orientamento\\\/settimana-matematica\\\/settimana-matematica-2021\\\/laboratori-settimana-matematica-2021\\\/#breadcrumb\",\"itemListElement\":[{\"@type\":\"ListItem\",\"position\":1,\"name\":\"Home\",\"item\":\"https:\\\/\\\/www.dm.unipi.it\\\/terza-missione\\\/\"},{\"@type\":\"ListItem\",\"position\":2,\"name\":\"Orientamento\",\"item\":\"https:\\\/\\\/www.dm.unipi.it\\\/terza-missione\\\/orientamento\\\/\"},{\"@type\":\"ListItem\",\"position\":3,\"name\":\"Settimana Matematica\",\"item\":\"https:\\\/\\\/www.dm.unipi.it\\\/terza-missione\\\/orientamento\\\/settimana-matematica\\\/\"},{\"@type\":\"ListItem\",\"position\":4,\"name\":\"Settimana Matematica 2021\",\"item\":\"https:\\\/\\\/www.dm.unipi.it\\\/terza-missione\\\/orientamento\\\/settimana-matematica\\\/settimana-matematica-2021\\\/\"},{\"@type\":\"ListItem\",\"position\":5,\"name\":\"Laboratori Settimana Matematica 2021\"}]},{\"@type\":\"WebSite\",\"@id\":\"https:\\\/\\\/www.dm.unipi.it\\\/terza-missione\\\/#website\",\"url\":\"https:\\\/\\\/www.dm.unipi.it\\\/terza-missione\\\/\",\"name\":\"Terza missione\",\"description\":\"Dipartimento di Matematica - Universit\u00e0 di Pisa\",\"publisher\":{\"@id\":\"https:\\\/\\\/www.dm.unipi.it\\\/terza-missione\\\/#organization\"},\"potentialAction\":[{\"@type\":\"SearchAction\",\"target\":{\"@type\":\"EntryPoint\",\"urlTemplate\":\"https:\\\/\\\/www.dm.unipi.it\\\/terza-missione\\\/?s={search_term_string}\"},\"query-input\":{\"@type\":\"PropertyValueSpecification\",\"valueRequired\":true,\"valueName\":\"search_term_string\"}}],\"inLanguage\":\"it-IT\"},{\"@type\":\"Organization\",\"@id\":\"https:\\\/\\\/www.dm.unipi.it\\\/terza-missione\\\/#organization\",\"name\":\"Terza missione\",\"url\":\"https:\\\/\\\/www.dm.unipi.it\\\/terza-missione\\\/\",\"logo\":{\"@type\":\"ImageObject\",\"inLanguage\":\"it-IT\",\"@id\":\"https:\\\/\\\/www.dm.unipi.it\\\/terza-missione\\\/#\\\/schema\\\/logo\\\/image\\\/\",\"url\":\"https:\\\/\\\/www.dm.unipi.it\\\/terza-missione\\\/wp-content\\\/uploads\\\/sites\\\/7\\\/2022\\\/07\\\/matematica_dx_bianco-1.png\",\"contentUrl\":\"https:\\\/\\\/www.dm.unipi.it\\\/terza-missione\\\/wp-content\\\/uploads\\\/sites\\\/7\\\/2022\\\/07\\\/matematica_dx_bianco-1.png\",\"width\":1612,\"height\":463,\"caption\":\"Terza missione\"},\"image\":{\"@id\":\"https:\\\/\\\/www.dm.unipi.it\\\/terza-missione\\\/#\\\/schema\\\/logo\\\/image\\\/\"}}]}<\/script>\n<!-- \/ Yoast SEO plugin. -->","yoast_head_json":{"title":"Laboratori Settimana Matematica 2021 - Terza missione","robots":{"index":"index","follow":"follow","max-snippet":"max-snippet:-1","max-image-preview":"max-image-preview:large","max-video-preview":"max-video-preview:-1"},"canonical":"https:\/\/www.dm.unipi.it\/terza-missione\/orientamento\/settimana-matematica\/settimana-matematica-2021\/laboratori-settimana-matematica-2021\/","og_locale":"it_IT","og_type":"article","og_title":"Laboratori Settimana Matematica 2021 - Terza missione","og_description":"Laboratorio 1. La ricerca della strada pi\u00f9 corta e bolle di saponeQual \u00e8 il modo pi\u00f9 efficiente di collegare un&hellip;Leggi tutto...","og_url":"https:\/\/www.dm.unipi.it\/terza-missione\/orientamento\/settimana-matematica\/settimana-matematica-2021\/laboratori-settimana-matematica-2021\/","og_site_name":"Terza missione","article_modified_time":"2025-11-04T15:47:59+00:00","twitter_card":"summary_large_image","twitter_misc":{"Tempo di lettura stimato":"5 minuti"},"schema":{"@context":"https:\/\/schema.org","@graph":[{"@type":"WebPage","@id":"https:\/\/www.dm.unipi.it\/terza-missione\/orientamento\/settimana-matematica\/settimana-matematica-2021\/laboratori-settimana-matematica-2021\/","url":"https:\/\/www.dm.unipi.it\/terza-missione\/orientamento\/settimana-matematica\/settimana-matematica-2021\/laboratori-settimana-matematica-2021\/","name":"Laboratori Settimana Matematica 2021 - Terza missione","isPartOf":{"@id":"https:\/\/www.dm.unipi.it\/terza-missione\/#website"},"datePublished":"2022-04-15T18:53:27+00:00","dateModified":"2025-11-04T15:47:59+00:00","breadcrumb":{"@id":"https:\/\/www.dm.unipi.it\/terza-missione\/orientamento\/settimana-matematica\/settimana-matematica-2021\/laboratori-settimana-matematica-2021\/#breadcrumb"},"inLanguage":"it-IT","potentialAction":[{"@type":"ReadAction","target":["https:\/\/www.dm.unipi.it\/terza-missione\/orientamento\/settimana-matematica\/settimana-matematica-2021\/laboratori-settimana-matematica-2021\/"]}]},{"@type":"BreadcrumbList","@id":"https:\/\/www.dm.unipi.it\/terza-missione\/orientamento\/settimana-matematica\/settimana-matematica-2021\/laboratori-settimana-matematica-2021\/#breadcrumb","itemListElement":[{"@type":"ListItem","position":1,"name":"Home","item":"https:\/\/www.dm.unipi.it\/terza-missione\/"},{"@type":"ListItem","position":2,"name":"Orientamento","item":"https:\/\/www.dm.unipi.it\/terza-missione\/orientamento\/"},{"@type":"ListItem","position":3,"name":"Settimana Matematica","item":"https:\/\/www.dm.unipi.it\/terza-missione\/orientamento\/settimana-matematica\/"},{"@type":"ListItem","position":4,"name":"Settimana Matematica 2021","item":"https:\/\/www.dm.unipi.it\/terza-missione\/orientamento\/settimana-matematica\/settimana-matematica-2021\/"},{"@type":"ListItem","position":5,"name":"Laboratori Settimana Matematica 2021"}]},{"@type":"WebSite","@id":"https:\/\/www.dm.unipi.it\/terza-missione\/#website","url":"https:\/\/www.dm.unipi.it\/terza-missione\/","name":"Terza missione","description":"Dipartimento di Matematica - Universit\u00e0 di Pisa","publisher":{"@id":"https:\/\/www.dm.unipi.it\/terza-missione\/#organization"},"potentialAction":[{"@type":"SearchAction","target":{"@type":"EntryPoint","urlTemplate":"https:\/\/www.dm.unipi.it\/terza-missione\/?s={search_term_string}"},"query-input":{"@type":"PropertyValueSpecification","valueRequired":true,"valueName":"search_term_string"}}],"inLanguage":"it-IT"},{"@type":"Organization","@id":"https:\/\/www.dm.unipi.it\/terza-missione\/#organization","name":"Terza missione","url":"https:\/\/www.dm.unipi.it\/terza-missione\/","logo":{"@type":"ImageObject","inLanguage":"it-IT","@id":"https:\/\/www.dm.unipi.it\/terza-missione\/#\/schema\/logo\/image\/","url":"https:\/\/www.dm.unipi.it\/terza-missione\/wp-content\/uploads\/sites\/7\/2022\/07\/matematica_dx_bianco-1.png","contentUrl":"https:\/\/www.dm.unipi.it\/terza-missione\/wp-content\/uploads\/sites\/7\/2022\/07\/matematica_dx_bianco-1.png","width":1612,"height":463,"caption":"Terza missione"},"image":{"@id":"https:\/\/www.dm.unipi.it\/terza-missione\/#\/schema\/logo\/image\/"}}]}},"publishpress_future_action":{"enabled":false,"date":"2026-05-21 13:31:52","action":"change-status","newStatus":"draft","terms":[],"taxonomy":"","extraData":[]},"publishpress_future_workflow_manual_trigger":{"enabledWorkflows":[]},"_links":{"self":[{"href":"https:\/\/www.dm.unipi.it\/terza-missione\/wp-json\/wp\/v2\/pages\/481","targetHints":{"allow":["GET"]}}],"collection":[{"href":"https:\/\/www.dm.unipi.it\/terza-missione\/wp-json\/wp\/v2\/pages"}],"about":[{"href":"https:\/\/www.dm.unipi.it\/terza-missione\/wp-json\/wp\/v2\/types\/page"}],"author":[{"embeddable":true,"href":"https:\/\/www.dm.unipi.it\/terza-missione\/wp-json\/wp\/v2\/users\/2"}],"replies":[{"embeddable":true,"href":"https:\/\/www.dm.unipi.it\/terza-missione\/wp-json\/wp\/v2\/comments?post=481"}],"version-history":[{"count":2,"href":"https:\/\/www.dm.unipi.it\/terza-missione\/wp-json\/wp\/v2\/pages\/481\/revisions"}],"predecessor-version":[{"id":661,"href":"https:\/\/www.dm.unipi.it\/terza-missione\/wp-json\/wp\/v2\/pages\/481\/revisions\/661"}],"up":[{"embeddable":true,"href":"https:\/\/www.dm.unipi.it\/terza-missione\/wp-json\/wp\/v2\/pages\/496"}],"wp:attachment":[{"href":"https:\/\/www.dm.unipi.it\/terza-missione\/wp-json\/wp\/v2\/media?parent=481"}],"curies":[{"name":"wp","href":"https:\/\/api.w.org\/{rel}","templated":true}]}}